[INFO] fetching crate actix-identity 0.5.2...
[INFO] checking actix-identity-0.5.2 against master#e6e4f7ed1589e03bc2f6c5931c1a72e7947e8682 for beta-170-4
[INFO] extracting crate actix-identity 0.5.2 into /workspace/builds/worker-6-tc2/source
[INFO] validating manifest of crates.io crate actix-identity 0.5.2 on toolchain e6e4f7ed1589e03bc2f6c5931c1a72e7947e8682
[INFO] running `Command { std: CARGO_HOME="/workspace/cargo-home" RUSTUP_HOME="/workspace/rustup-home" "/workspace/cargo-home/bin/cargo" "+e6e4f7ed1589e03bc2f6c5931c1a72e7947e8682" "metadata" "--manifest-path" "Cargo.toml" "--no-deps", kill_on_drop: false }`
[INFO] started tweaking crates.io crate actix-identity 0.5.2
[INFO] finished tweaking crates.io crate actix-identity 0.5.2
[INFO] tweaked toml for crates.io crate actix-identity 0.5.2 written to /workspace/builds/worker-6-tc2/source/Cargo.toml
[INFO] crate crates.io crate actix-identity 0.5.2 already has a lockfile, it will not be regenerated
[INFO] running `Command { std: CARGO_HOME="/workspace/cargo-home" RUSTUP_HOME="/workspace/rustup-home" "/workspace/cargo-home/bin/cargo" "+e6e4f7ed1589e03bc2f6c5931c1a72e7947e8682" "fetch" "--manifest-path" "Cargo.toml", kill_on_drop: false }`
[INFO] running `Command { std: "docker" "create" "-v" "/var/lib/crater-agent-workspace/builds/worker-6-tc2/target:/opt/rustwide/target:rw,Z" "-v" "/var/lib/crater-agent-workspace/builds/worker-6-tc2/source:/opt/rustwide/workdir:ro,Z" "-v" "/var/lib/crater-agent-workspace/cargo-home:/opt/rustwide/cargo-home:ro,Z" "-v" "/var/lib/crater-agent-workspace/rustup-home:/opt/rustwide/rustup-home:ro,Z" "-e" "SOURCE_DIR=/opt/rustwide/workdir" "-e" "CARGO_TARGET_DIR=/opt/rustwide/target" "-e" "CARGO_HOME=/opt/rustwide/cargo-home" "-e" "RUSTUP_HOME=/opt/rustwide/rustup-home" "-w" "/opt/rustwide/workdir" "-m" "1610612736" "--user" "0:0" "--network" "none" "ghcr.io/rust-lang/crates-build-env/linux@sha256:19e73879b68f455e41552ea35293514db52ea292d993f571636dbffedb77a1ee" "/opt/rustwide/cargo-home/bin/cargo" "+e6e4f7ed1589e03bc2f6c5931c1a72e7947e8682" "metadata" "--no-deps" "--format-version=1", kill_on_drop: false }`
[INFO] [stdout] 2c599ae377b4b0768d0dbf375052d1ee704484725c6fa444693ce2f3dded078d
[INFO] running `Command { std: "docker" "start" "-a" "2c599ae377b4b0768d0dbf375052d1ee704484725c6fa444693ce2f3dded078d", kill_on_drop: false }`
[INFO] running `Command { std: "docker" "inspect" "2c599ae377b4b0768d0dbf375052d1ee704484725c6fa444693ce2f3dded078d", kill_on_drop: false }`
[INFO] running `Command { std: "docker" "rm" "-f" "2c599ae377b4b0768d0dbf375052d1ee704484725c6fa444693ce2f3dded078d", kill_on_drop: false }`
[INFO] [stdout] 2c599ae377b4b0768d0dbf375052d1ee704484725c6fa444693ce2f3dded078d
[INFO] running `Command { std: "docker" "create" "-v" "/var/lib/crater-agent-workspace/builds/worker-6-tc2/target:/opt/rustwide/target:rw,Z" "-v" "/var/lib/crater-agent-workspace/builds/worker-6-tc2/source:/opt/rustwide/workdir:ro,Z" "-v" "/var/lib/crater-agent-workspace/cargo-home:/opt/rustwide/cargo-home:ro,Z" "-v" "/var/lib/crater-agent-workspace/rustup-home:/opt/rustwide/rustup-home:ro,Z" "-e" "SOURCE_DIR=/opt/rustwide/workdir" "-e" "CARGO_TARGET_DIR=/opt/rustwide/target" "-e" "CARGO_INCREMENTAL=0" "-e" "RUST_BACKTRACE=full" "-e" "RUSTFLAGS=--cap-lints=forbid" "-e" "RUSTDOCFLAGS=--cap-lints=forbid" "-e" "CARGO_HOME=/opt/rustwide/cargo-home" "-e" "RUSTUP_HOME=/opt/rustwide/rustup-home" "-w" "/opt/rustwide/workdir" "-m" "1610612736" "--user" "0:0" "--network" "none" "ghcr.io/rust-lang/crates-build-env/linux@sha256:19e73879b68f455e41552ea35293514db52ea292d993f571636dbffedb77a1ee" "/opt/rustwide/cargo-home/bin/cargo" "+e6e4f7ed1589e03bc2f6c5931c1a72e7947e8682" "check" "--frozen" "--all" "--all-targets" "--message-format=json", kill_on_drop: false }`
[INFO] [stdout] 24425d9b28fb8b5829d8e0e0777f27c7ef794374d1d82544e5b94975e686e2b3
[INFO] running `Command { std: "docker" "start" "-a" "24425d9b28fb8b5829d8e0e0777f27c7ef794374d1d82544e5b94975e686e2b3", kill_on_drop: false }`
[INFO] [stderr]    Compiling version_check v0.9.4
[INFO] [stderr]    Compiling libc v0.2.126
[INFO] [stderr]    Compiling typenum v1.15.0
[INFO] [stderr]    Compiling autocfg v1.1.0
[INFO] [stderr]    Compiling proc-macro2 v1.0.40
[INFO] [stderr]    Compiling log v0.4.17
[INFO] [stderr]     Checking pin-project-lite v0.2.9
[INFO] [stderr]    Compiling memchr v2.5.0
[INFO] [stderr]     Checking subtle v2.4.1
[INFO] [stderr]    Compiling quote v1.0.20
[INFO] [stderr]    Compiling unicode-ident v1.0.2
[INFO] [stderr]    Compiling futures-core v0.3.21
[INFO] [stderr]    Compiling parking_lot_core v0.9.3
[INFO] [stderr]    Compiling syn v1.0.98
[INFO] [stderr]     Checking once_cell v1.13.0
[INFO] [stderr]     Checking bytes v1.1.0
[INFO] [stderr]     Checking scopeguard v1.1.0
[INFO] [stderr]     Checking smallvec v1.9.0
[INFO] [stderr]     Checking itoa v1.0.2
[INFO] [stderr]     Checking cpufeatures v0.2.2
[INFO] [stderr]    Compiling futures-task v0.3.21
[INFO] [stderr]     Checking tracing-core v0.1.28
[INFO] [stderr]    Compiling serde_derive v1.0.139
[INFO] [stderr]    Compiling futures-util v0.3.21
[INFO] [stderr]     Checking opaque-debug v0.3.0
[INFO] [stderr]    Compiling generic-array v0.14.5
[INFO] [stderr]     Checking futures-sink v0.3.21
[INFO] [stderr]     Checking percent-encoding v2.1.0
[INFO] [stderr]    Compiling serde v1.0.139
[INFO] [stderr]     Checking pin-utils v0.1.0
[INFO] [stderr]     Checking tinyvec_macros v0.1.0
[INFO] [stderr]     Checking matches v0.1.9
[INFO] [stderr]     Checking local-waker v0.1.3
[INFO] [stderr]    Compiling lock_api v0.4.7
[INFO] [stderr]    Compiling tokio v1.20.0
[INFO] [stderr]    Compiling indexmap v1.9.1
[INFO] [stderr]     Checking fnv v1.0.7
[INFO] [stderr]     Checking ppv-lite86 v0.2.16
[INFO] [stderr]     Checking tinyvec v1.6.0
[INFO] [stderr]    Compiling ahash v0.7.6
[INFO] [stderr]     Checking tracing v0.1.35
[INFO] [stderr]     Checking http v0.2.8
[INFO] [stderr]    Compiling encoding_rs v0.8.31
[INFO] [stderr]     Checking hashbrown v0.12.3
[INFO] [stderr]    Compiling paste v1.0.7
[INFO] [stderr]    Compiling httparse v1.7.1
[INFO] [stderr]     Checking form_urlencoded v1.0.1
[INFO] [stderr]     Checking actix-utils v3.0.0
[INFO] [stderr]     Checking socket2 v0.4.4
[INFO] [stderr]     Checking signal-hook-registry v1.4.0
[INFO] [stderr]     Checking mio v0.8.4
[INFO] [stderr]     Checking getrandom v0.2.7
[INFO] [stderr]     Checking bytestring v1.1.0
[INFO] [stderr]     Checking rand_core v0.6.3
[INFO] [stderr]     Checking parking_lot v0.12.1
[INFO] [stderr]     Checking aho-corasick v0.7.18
[INFO] [stderr]    Compiling cookie v0.16.0
[INFO] [stderr]     Checking slab v0.4.6
[INFO] [stderr]     Checking rand_chacha v0.3.1
[INFO] [stderr]    Compiling time-macros v0.2.4
[INFO] [stderr]     Checking base64 v0.13.0
[INFO] [stderr]     Checking bitflags v1.3.2
[INFO] [stderr]     Checking unicode-bidi v0.3.8
[INFO] [stderr]     Checking num_threads v0.1.6
[INFO] [stderr]    Compiling convert_case v0.4.0
[INFO] [stderr]     Checking unicode-normalization v0.1.21
[INFO] [stderr]     Checking ryu v1.0.10
[INFO] [stderr]     Checking regex-syntax v0.6.27
[INFO] [stderr]    Compiling serde_json v1.0.82
[INFO] [stderr]     Checking actix-service v2.0.2
[INFO] [stderr]     Checking num_cpus v1.13.1
[INFO] [stderr]     Checking rand v0.8.5
[INFO] [stderr]     Checking httpdate v1.0.2
[INFO] [stderr]    Compiling async-trait v0.1.56
[INFO] [stderr]     Checking firestorm v0.5.1
[INFO] [stderr]     Checking mime v0.3.16
[INFO] [stderr]    Compiling anyhow v1.0.58
[INFO] [stderr]     Checking language-tags v0.3.2
[INFO] [stderr]     Checking idna v0.2.3
[INFO] [stderr]     Checking block-buffer v0.10.2
[INFO] [stderr]     Checking crypto-common v0.1.6
[INFO] [stderr]     Checking universal-hash v0.4.1
[INFO] [stderr]     Checking cipher v0.3.0
[INFO] [stderr]     Checking aead v0.4.3
[INFO] [stderr]     Checking polyval v0.5.3
[INFO] [stderr]     Checking digest v0.10.3
[INFO] [stderr]     Checking aes v0.7.5
[INFO] [stderr]     Checking ctr v0.8.0
[INFO] [stderr]     Checking ghash v0.4.4
[INFO] [stderr]     Checking hmac v0.12.1
[INFO] [stderr]     Checking sha2 v0.10.2
[INFO] [stderr]     Checking sha1 v0.10.1
[INFO] [stderr]     Checking hkdf v0.12.3
[INFO] [stderr]     Checking local-channel v0.1.3
[INFO] [stderr]     Checking url v2.2.2
[INFO] [stderr]     Checking aes-gcm v0.9.4
[INFO] [stderr]     Checking time v0.3.11
[INFO] [stderr]     Checking regex v1.6.0
[INFO] [stderr]     Checking tokio-util v0.7.3
[INFO] [stderr]     Checking actix-rt v2.7.0
[INFO] [stderr]     Checking actix-server v2.1.1
[INFO] [stderr]     Checking actix-codec v0.5.0
[INFO] [stderr]     Checking h2 v0.3.13
[INFO] [stderr]    Compiling derive_more v0.99.17
[INFO] [stderr]     Checking actix-http v3.2.1
[INFO] [stderr]     Checking actix-router v0.5.0
[INFO] [stderr]     Checking serde_urlencoded v0.7.1
[INFO] [stderr]     Checking actix-web v4.1.0
[INFO] [stderr]     Checking actix-session v0.7.0
[INFO] [stderr]     Checking actix-identity v0.5.2 (/opt/rustwide/workdir)
[INFO] [stdout] error[E0432]: unresolved import `actix_session::storage::CookieSessionStore`
[INFO] [stdout]   --> examples/identity.rs:19:21
[INFO] [stdout]    |
[INFO] [stdout] 19 | use actix_session::{storage::CookieSessionStore, SessionMiddleware};
[INFO] [stdout]    |                     ^^^^^^^^^------------------
[INFO] [stdout]    |                     |        |
[INFO] [stdout]    |                     |        help: a similar name exists in the module: `SessionStore`
[INFO] [stdout]    |                     no `CookieSessionStore` in `storage`
[INFO] [stdout] 
[INFO] [stdout] 
[INFO] [stdout] error[E0432]: unresolved imports `actix_web::get`, `actix_web::post`
[INFO] [stdout]   --> examples/identity.rs:21:18
[INFO] [stdout]    |
[INFO] [stdout] 21 |     cookie::Key, get, middleware::Logger, post, App, HttpMessage, HttpRequest, HttpResponse,
[INFO] [stdout]    |                  ^^^ no `get` in the root ^^^^ no `post` in the root
[INFO] [stdout] 
[INFO] [stdout] 
[INFO] [stdout] error[E0433]: failed to resolve: could not find `main` in `actix_web`
[INFO] [stdout]   --> examples/identity.rs:25:14
[INFO] [stdout]    |
[INFO] [stdout] 25 | #[actix_web::main]
[INFO] [stdout]    |              ^^^^ could not find `main` in `actix_web`
[INFO] [stdout] 
[INFO] [stdout] 
[INFO] [stdout] error: cannot determine resolution for the attribute macro `get`
[INFO] [stdout]   --> examples/identity.rs:58:3
[INFO] [stdout]    |
[INFO] [stdout] 58 | #[get("/")]
[INFO] [stdout]    |   ^^^
[INFO] [stdout]    |
[INFO] [stdout]    = note: import resolution is stuck, try simplifying macro imports
[INFO] [stdout] 
[INFO] [stdout] 
[INFO] [stdout] error: cannot determine resolution for the attribute macro `post`
[INFO] [stdout]   --> examples/identity.rs:67:3
[INFO] [stdout]    |
[INFO] [stdout] 67 | #[post("/login")]
[INFO] [stdout]    |   ^^^^
[INFO] [stdout]    |
[INFO] [stdout]    = note: import resolution is stuck, try simplifying macro imports
[INFO] [stdout] 
[INFO] [stdout] 
[INFO] [stdout] error: cannot determine resolution for the attribute macro `post`
[INFO] [stdout]   --> examples/identity.rs:80:3
[INFO] [stdout]    |
[INFO] [stdout] 80 | #[post("/logout")]
[INFO] [stdout]    |   ^^^^
[INFO] [stdout]    |
[INFO] [stdout]    = note: import resolution is stuck, try simplifying macro imports
[INFO] [stdout] 
[INFO] [stdout] 
[INFO] [stdout] error[E0433]: failed to resolve: use of undeclared crate or module `env_logger`
[INFO] [stdout]   --> examples/identity.rs:27:31
[INFO] [stdout]    |
[INFO] [stdout] 27 |     env_logger::init_from_env(env_logger::Env::new().default_filter_or("info"));
[INFO] [stdout]    |                               ^^^^^^^^^^ use of undeclared crate or module `env_logger`
[INFO] [stdout] 
[INFO] [stdout] 
[INFO] [stdout] error[E0433]: failed to resolve: use of undeclared crate or module `env_logger`
[INFO] [stdout]   --> examples/identity.rs:27:5
[INFO] [stdout]    |
[INFO] [stdout] 27 |     env_logger::init_from_env(env_logger::Env::new().default_filter_or("info"));
[INFO] [stdout]    |     ^^^^^^^^^^ use of undeclared crate or module `env_logger`
[INFO] [stdout] 
[INFO] [stdout] 
[INFO] [stdout] error[E0432]: unresolved import `actix_session::storage::CookieSessionStore`
[INFO] [stdout]  --> tests/integration/fixtures.rs:1:21
[INFO] [stdout]   |
[INFO] [stdout] 1 | use actix_session::{storage::CookieSessionStore, SessionMiddleware};
[INFO] [stdout]   |                     ^^^^^^^^^------------------
[INFO] [stdout]   |                     |        |
[INFO] [stdout]   |                     |        help: a similar name exists in the module: `SessionStore`
[INFO] [stdout]   |                     no `CookieSessionStore` in `storage`
[INFO] [stdout] 
[INFO] [stdout] 
[INFO] [stdout] error[E0432]: unresolved import `uuid`
[INFO] [stdout]  --> tests/integration/fixtures.rs:3:5
[INFO] [stdout]   |
[INFO] [stdout] 3 | use uuid::Uuid;
[INFO] [stdout]   |     ^^^^ use of undeclared crate or module `uuid`
[INFO] [stdout] 
[INFO] [stdout] 
[INFO] [stdout] error[E0433]: failed to resolve: could not find `test` in `actix_web`
[INFO] [stdout]  --> tests/integration/integration.rs:8:14
[INFO] [stdout]   |
[INFO] [stdout] 8 | #[actix_web::test]
[INFO] [stdout]   |              ^^^^ could not find `test` in `actix_web`
[INFO] [stdout] 
[INFO] [stdout] 
[INFO] [stdout] error[E0433]: failed to resolve: could not find `test` in `actix_web`
[INFO] [stdout]   --> tests/integration/integration.rs:17:14
[INFO] [stdout]    |
[INFO] [stdout] 17 | #[actix_web::test]
[INFO] [stdout]    |              ^^^^ could not find `test` in `actix_web`
[INFO] [stdout] 
[INFO] [stdout] 
[INFO] [stdout] error[E0433]: failed to resolve: could not find `test` in `actix_web`
[INFO] [stdout]   --> tests/integration/integration.rs:31:14
[INFO] [stdout]    |
[INFO] [stdout] 31 | #[actix_web::test]
[INFO] [stdout]    |              ^^^^ could not find `test` in `actix_web`
[INFO] [stdout] 
[INFO] [stdout] 
[INFO] [stdout] error[E0433]: failed to resolve: could not find `test` in `actix_web`
[INFO] [stdout]   --> tests/integration/integration.rs:49:14
[INFO] [stdout]    |
[INFO] [stdout] 49 | #[actix_web::test]
[INFO] [stdout]    |              ^^^^ could not find `test` in `actix_web`
[INFO] [stdout] 
[INFO] [stdout] 
[INFO] [stdout] error[E0433]: failed to resolve: could not find `test` in `actix_web`
[INFO] [stdout]   --> tests/integration/integration.rs:67:14
[INFO] [stdout]    |
[INFO] [stdout] 67 | #[actix_web::test]
[INFO] [stdout]    |              ^^^^ could not find `test` in `actix_web`
[INFO] [stdout] 
[INFO] [stdout] 
[INFO] [stdout] error[E0433]: failed to resolve: could not find `test` in `actix_web`
[INFO] [stdout]   --> tests/integration/integration.rs:85:14
[INFO] [stdout]    |
[INFO] [stdout] 85 | #[actix_web::test]
[INFO] [stdout]    |              ^^^^ could not find `test` in `actix_web`
[INFO] [stdout] 
[INFO] [stdout] 
[INFO] [stdout] error[E0433]: failed to resolve: could not find `test` in `actix_web`
[INFO] [stdout]    --> tests/integration/integration.rs:113:14
[INFO] [stdout]     |
[INFO] [stdout] 113 | #[actix_web::test]
[INFO] [stdout]     |              ^^^^ could not find `test` in `actix_web`
[INFO] [stdout] 
[INFO] [stdout] 
[INFO] [stdout] error[E0433]: failed to resolve: could not find `test` in `actix_web`
[INFO] [stdout]    --> tests/integration/integration.rs:133:14
[INFO] [stdout]     |
[INFO] [stdout] 133 | #[actix_web::test]
[INFO] [stdout]     |              ^^^^ could not find `test` in `actix_web`
[INFO] [stdout] 
[INFO] [stdout] 
[INFO] [stdout] error[E0433]: failed to resolve: could not find `test` in `actix_web`
[INFO] [stdout]    --> tests/integration/integration.rs:150:14
[INFO] [stdout]     |
[INFO] [stdout] 150 | #[actix_web::test]
[INFO] [stdout]     |              ^^^^ could not find `test` in `actix_web`
[INFO] [stdout] 
[INFO] [stdout] 
[INFO] [stdout] error[E0433]: failed to resolve: could not find `test` in `actix_web`
[INFO] [stdout]    --> tests/integration/integration.rs:167:14
[INFO] [stdout]     |
[INFO] [stdout] 167 | #[actix_web::test]
[INFO] [stdout]     |              ^^^^ could not find `test` in `actix_web`
[INFO] [stdout] 
[INFO] [stdout] 
[INFO] [stdout] error[E0433]: failed to resolve: use of undeclared crate or module `reqwest`
[INFO] [stdout]   --> tests/integration/test_app.rs:37:22
[INFO] [stdout]    |
[INFO] [stdout] 37 |         let client = reqwest::Client::builder()
[INFO] [stdout]    |                      ^^^^^^^ use of undeclared crate or module `reqwest`
[INFO] [stdout] 
[INFO] [stdout] 
[INFO] [stdout] error[E0752]: `main` function is not allowed to be `async`
[INFO] [stdout]   --> examples/identity.rs:26:1
[INFO] [stdout]    |
[INFO] [stdout] 26 | async fn main() -> io::Result<()> {
[INFO] [stdout]    | ^^^^^^^^^^^^^^^^^^^^^^^^^^^^^^^^^ `main` function is not allowed to be `async`
[INFO] [stdout] 
[INFO] [stdout] 
[INFO] [stdout] error: aborting due to 9 previous errors
[INFO] [stdout] 
[INFO] [stdout] 
[INFO] [stdout] Some errors have detailed explanations: E0432, E0433, E0752.
[INFO] [stdout] 
[INFO] [stdout] For more information about an error, try `rustc --explain E0432`.
[INFO] [stdout] 
[INFO] [stderr] error: could not compile `actix-identity` (example "identity") due to 10 previous errors
[INFO] [stderr] warning: build failed, waiting for other jobs to finish...
[INFO] [stdout] error[E0433]: failed to resolve: use of undeclared crate or module `reqwest`
[INFO] [stdout]   --> tests/integration/test_app.rs:12:17
[INFO] [stdout]    |
[INFO] [stdout] 12 |     api_client: reqwest::Client,
[INFO] [stdout]    |                 ^^^^^^^ use of undeclared crate or module `reqwest`
[INFO] [stdout] 
[INFO] [stdout] 
[INFO] [stdout] error[E0433]: failed to resolve: use of undeclared crate or module `reqwest`
[INFO] [stdout]   --> tests/integration/test_app.rs:57:50
[INFO] [stdout]    |
[INFO] [stdout] 57 |     pub async fn get_identity_required(&self) -> reqwest::Response {
[INFO] [stdout]    |                                                  ^^^^^^^ use of undeclared crate or module `reqwest`
[INFO] [stdout] 
[INFO] [stdout] 
[INFO] [stdout] error[E0433]: failed to resolve: use of undeclared crate or module `reqwest`
[INFO] [stdout]   --> tests/integration/test_app.rs:97:40
[INFO] [stdout]    |
[INFO] [stdout] 97 |     pub async fn post_logout(&self) -> reqwest::Response {
[INFO] [stdout]    |                                        ^^^^^^^ use of undeclared crate or module `reqwest`
[INFO] [stdout] 
[INFO] [stdout] 
[INFO] [stdout] error: aborting due to 16 previous errors
[INFO] [stdout] 
[INFO] [stdout] 
[INFO] [stdout] Some errors have detailed explanations: E0432, E0433.
[INFO] [stdout] 
[INFO] [stdout] For more information about an error, try `rustc --explain E0432`.
[INFO] [stdout] 
[INFO] [stderr] error: could not compile `actix-identity` (test "integration") due to 17 previous errors
[INFO] running `Command { std: "docker" "inspect" "24425d9b28fb8b5829d8e0e0777f27c7ef794374d1d82544e5b94975e686e2b3", kill_on_drop: false }`
[INFO] running `Command { std: "docker" "rm" "-f" "24425d9b28fb8b5829d8e0e0777f27c7ef794374d1d82544e5b94975e686e2b3", kill_on_drop: false }`
[INFO] [stdout] 24425d9b28fb8b5829d8e0e0777f27c7ef794374d1d82544e5b94975e686e2b3
